29, 127, 6361
List the prime factors of 211182628.
2, 52795657
What are the prime factors of 152516023?
11, 41, 71, 433
List the prime factors of 30663367.
7, 41, 15263
List the prime factors of 1434305193.
3, 19, 349, 72101
List the prime factors of 92122317.
3, 7, 19, 76961
What are the prime factors of 163088031?
3, 5009, 10853
List the prime factors of 54239319.
3, 19, 317189
What are the prime factors of 789143016?
2, 3, 137, 240007
List the prime factors of 5506686.
2, 3, 305927
What are the prime factors of 42853177?
461, 92957
List the prime factors of 24781293.
3, 2753477
What are the prime factors of 675163356?
2, 3, 7, 617, 1861
What are the prime factors of 150926495?
5, 263, 114773
What are the prime factors of 365357106?
2, 3, 193, 251, 419
What are the prime factors of 13076306?
2, 311, 21023
What are the prime factors of 70642528?
2, 11, 200689
List the prime factors of 4764004898.
2, 2382002449
List the prime factors of 227014722.
2, 3, 11, 1146539
List the prime factors of 48455724.
2, 3, 863, 4679
What are the prime factors of 4735314181?
13, 17, 3079, 6959
What are the prime factors of 852892808?
2, 23, 4635287
What are the prime factors of 3354558869?
41, 157, 521137
What are the prime factors of 1334323772?
2, 333580943
List the prime factors of 6495434550.
2, 3, 5, 11, 211, 691
What are the prime factors of 203547817?
11, 17, 19, 59, 971
What are the prime factors of 2775169?
1039, 2671
List the prime factors of 5997567.
3, 227, 8807
What are the prime factors of 140470362?
2, 3, 31, 83, 337
List the prime factors of 2121210370.
2, 5, 37, 5733001
List the prime factors of 2003251.
31, 64621
What are the prime factors of 1131363527?
7, 59, 2739379
What are the prime factors of 33184709?
33184709
What are the prime factors of 4788185?
5, 41, 23357
List the prime factors of 640846829.
7, 191, 479317
What are the prime factors of 64853379?
3, 800659
What are the prime factors of 2428710813?
3, 269856757
What are the prime factors of 1159392058?
2, 11, 43, 227, 5399
What are the prime factors of 203027898?
2, 3, 29, 1166827
List the prime factors of 2778143828.
2, 43, 16151999
What are the prime factors of 40147791?
3, 107, 181, 691
What are the prime factors of 569895336?
2, 3, 7915213
List the prime factors of 249068959.
249068959
List the prime factors of 42274710.
2, 3, 5, 1933
List the prime factors of 32550482.
2, 101, 161141
What are the prime factors of 867776186?
2, 17, 25522829
List the prime factors of 198115978.
2, 31, 241, 13259
What are the prime factors of 705191470?
2, 5, 70519147
What are the prime factors of 41519197?
103, 163, 2473
List the prime factors of 156581389.
156581389
What are the prime factors of 1212475379?
31, 181, 281, 769
What are the prime factors of 153237030?
2, 3, 5, 31, 164771
What are the prime factors of 1515906409?
1515906409
List the prime factors of 1232265695.
5, 246453139
What are the prime factors of 2266456612?
2, 7, 80944879
What are the prime factors of 17994095?
5, 7, 514117
What are the prime factors of 101471343?
3, 19, 271, 6569
List the prime factors of 30709409.
139, 220931
List the prime factors of 897964430.
2, 5, 11, 8163313
List the prime factors of 129059194.
2, 11, 5866327
What are the prime factors of 85050803?
23, 89, 41549
What are the prime factors of 3652947703?
5309, 688067
What are the prime factors of 1173720269?
19, 5813, 10627
List the prime factors of 1215814.
2, 41, 14827
What are the prime factors of 62842300?
2, 5, 628423
What are the prime factors of 222075558?
2, 3, 157, 78583
List the prime factors of 1147258643.
431, 2661853
List the prime factors of 647877799.
647877799
What are the prime factors of 445886088?
2, 3, 61, 151, 2017
List the prime factors of 3756070570.
2, 5, 7, 337, 159223
List the prime factors of 6667288158.
2, 3, 1429, 777617
What are the prime factors of 339061583?
7, 17, 619, 4603
List the prime factors of 319300.
2, 5, 31, 103
List the prime factors of 287966872.
2, 43, 837113
What are the prime factors of 3397414030?
2, 5, 339741403
List the prime factors of 4934452.
2, 19, 64927
List the prime factors of 33150187.
7, 17, 37, 7529
What are the prime factors of 1321416828?
2, 3, 223, 18289
List the prime factors of 1448408988.
2, 3, 13, 19, 162889
What are the prime factors of 15141576?
2, 3, 630899
List the prime factors of 201556519.
6317, 31907
List the prime factors of 1346484061.
13, 103575697
List the prime factors of 175326672.
2, 3, 67, 54517
What are the prime factors of 153439991?
19, 8075789
What are the prime factors of 292923885?
3, 5, 41, 476299
What are the prime factors of 101500236?
2, 3, 419, 2243
What are the prime factors of 270994824?
2, 3, 17, 221401
What are the prime factors of 368940808?
2, 46117601
What are the prime factors of 3338858015?
5, 29, 83, 277429
What are the prime factors of 595732?
2, 148933
List the prime factors of 52460754.
2, 3, 8743459
What are the prime factors of 529426707?
3, 43, 4104083
List the prime factors of 581509625.
5, 31, 150067
What are the prime factors of 26084518?
2, 13042259
List the prime factors of 39832445.
5, 17, 251, 1867
What are the prime factors of 1880291801?
1880291801
What are the prime factors of 448381843?
7, 13, 269, 1409
List the prime factors of 25844973.
3, 7, 11, 53, 2111
What are the prime factors of 1158204468?
2, 3, 23, 4196393
What are the prime factors of 690960778?
2, 345480389
What are the prime factors of 34052002?
2, 79, 127, 1697
List the prime factors of 227521469.
7, 89, 173, 2111
List the prime factors of 966094034.
2, 483047017
What are the prime factors of 973955307?
3, 13, 24973213
List the prime factors of 5434277732.
2, 13, 17, 6147373
List the prime factors of 47741805.
3, 5, 117881
List the prime factors of 1279795571.
47, 27229693
List the prime factors of 3572703517.
29, 139, 886307
What are the prime factors of 402764571?
3, 11, 4068329
What are the prime factors of 34833176?
2, 7, 29, 89, 241
What are the prime factors of 895199342?
2, 109, 4106419
List the prime factors of 91085057.
7, 613, 21227
List the prime factors of 83043325.
5, 3321733
List the prime factors of 236589180.
2, 3, 5, 3943153
What are the prime factors of 5238569735?
5, 7, 149673421
What are the prime factors of 3120324460?
2, 5, 11, 61, 232513
What are the prime factors of 105763791?
3, 7, 5036371
List the prime factors of 213328320.
2, 3, 5, 317, 701
What are the prime factors of 709949985?
3, 5, 149, 317651
List the prime factors of 179955657.
3, 7, 23, 124193
List the prime factors of 1632861152.
2, 13, 17, 230891
What are the prime factors of 89080367?
73, 89, 13711
What are the prime factors of 53333571?
3, 17777857
List the prime factors of 932607184.
2, 179, 325631
What are the prime factors of 6407001460?
2, 5, 47, 53, 128603
List the prime factors of 4113933483.
3, 11, 113, 419, 2633
What are the prime factors of 5881368455?
5, 191, 6158501
List the prime factors of 3177918775.
5, 113, 139, 8093
List the prime factors of 190089955.
5, 11, 241, 14341
List the prime factors of 767035255.
5, 7, 21915293
What are the prime factors of 97570999?
43, 953, 2381
What are the prime factors of 687847623?
3, 31, 149, 49639
What are the prime factors of 25793823?
3, 11, 781631
What are the prime factors of 7336444?
2, 1834111
List the prime factors of 4433221782.
2, 3, 11, 53, 422453
What are the prime factors of 266173004?
2, 149, 197, 2267
What are the prime factors of 234150269?
61, 3838529
What are the prime factors of 702884070?
2, 3, 5, 7, 107, 10427
What are the prime factors of 112657693?
139, 810487
What are the prime factors of 80124295?
5, 23, 67, 10399
What are the prime factors of 23891183?
263, 90841
List the prime factors of 47148214.
2, 101, 233407
What are the prime factors of 23497567?
2897, 8111
List the prime factors of 321373408.
2, 163, 61613
What are the prime factors of 15827064?
2, 3, 11, 59951
What are the prime factors of 20665895?
5, 4133179
List the prime factors of 20927523.
3, 6975841
List the prime factors of 2570612.
2, 11, 37, 1579
What are the prime factors of 13961524?
2, 59, 59159
List the prime factors of 565243774.
2, 11299, 25013
List the prime factors of 138974939.
211, 658649
List the prime factors of 15853623.